{"id":14,"date":"2024-08-22T16:06:49","date_gmt":"2024-08-22T19:06:49","guid":{"rendered":"http:\/\/eloisaguerrero.com.ar\/arte\/?page_id=14"},"modified":"2025-04-14T21:45:24","modified_gmt":"2025-04-15T00:45:24","slug":"performances","status":"publish","type":"page","link":"http:\/\/eloisaguerrero.com.ar\/arte\/performances\/","title":{"rendered":"Performances"},"content":{"rendered":"\t\t<div data-elementor-type=\"wp-page\" data-elementor-id=\"14\" class=\"elementor elementor-14\">\n\t\t\t\t<div class=\"elementor-element elementor-element-9101cab e-grid e-con-boxed e-con e-parent\" data-id=\"9101cab\" data-element_type=\"container\" data-e-type=\"container\">\n\t\t\t\t\t<div class=\"e-con-inner\">\n\t\t<div class=\"elementor-element elementor-element-33691a7 e-grid e-con-boxed e-con e-child\" data-id=\"33691a7\" data-element_type=\"container\" data-e-type=\"container\">\n\t\t\t\t\t<div class=\"e-con-inner\">\n\t\t\t\t<div class=\"elementor-element elementor-element-40cbfed elementor-widget elementor-widget-text-editor\" data-id=\"40cbfed\" data-element_type=\"widget\" data-e-type=\"widget\" data-widget_type=\"text-editor.default\">\n\t\t\t\t<div class=\"elementor-widget-container\">\n\t\t\t\t\t\t\t\t\t<h2><span style=\"color: #800080;\">Codificaci\u00f3n Ancestral<\/span><\/h2><p>Performance en homenaje a las Lenguas Maternas. Realizada para el 1er Encuentro Internacional de Lenguas Maternas de manera virtual. 20\/02\/2021<\/p><p>Audios en Guaran\u00ed: <strong>Gabriela Ropolo, Dalia de Jas\u00fas\u00a0 Romero y Luis Fabi\u00e1n Machuca Olivieri<\/strong>. Audios en C\u00e1becera: <strong>Severino Fernandez Torres.<\/strong> Idea y producci\u00f3n: <strong>Elo\u00edsa Marina Guerrero<\/strong>. Edici\u00f3n y efectos: <strong>Dante Rodriguez Valerio.<\/strong> C\u00e1mara: <strong>Pablo Hern\u00e1n Sarmiento.<\/strong><\/p>\t\t\t\t\t\t\t\t<\/div>\n\t\t\t\t<\/div>\n\t\t\t\t<div class=\"elementor-element elementor-element-3d25f07 elementor-widget elementor-widget-video\" data-id=\"3d25f07\" data-element_type=\"widget\" data-e-type=\"widget\" data-settings=\"{&quot;youtube_url&quot;:&quot;https:\\\/\\\/www.youtube.com\\\/watch?v=OzJWwdyJ-u0&quot;,&quot;video_type&quot;:&quot;youtube&quot;,&quot;controls&quot;:&quot;yes&quot;}\" data-widget_type=\"video.default\">\n\t\t\t\t<div class=\"elementor-widget-container\">\n\t\t\t\t\t\t\t<div class=\"elementor-wrapper elementor-open-inline\">\n\t\t\t<div class=\"elementor-video\"><\/div>\t\t<\/div>\n\t\t\t\t\t\t<\/div>\n\t\t\t\t<\/div>\n\t\t\t\t<div class=\"elementor-element elementor-element-146eda6 elementor-widget elementor-widget-text-editor\" data-id=\"146eda6\" data-element_type=\"widget\" data-e-type=\"widget\" data-widget_type=\"text-editor.default\">\n\t\t\t\t<div class=\"elementor-widget-container\">\n\t\t\t\t\t\t\t\t\t<h2><span style=\"color: #800080;\">Tiempo detenido<br \/><\/span><\/h2><p>Performance participativa y en Homenaje a Camila O\u2019Gorman y su amor prohibido.<\/p><p>Tengamos memoria y valoremos la vida.\u00a0 25\/1\/2020<\/p><p>Museo Casa del Faro, Quequ\u00e9n.\u00a0<\/p><p>\u00a0<\/p>\t\t\t\t\t\t\t\t<\/div>\n\t\t\t\t<\/div>\n\t\t\t\t<div class=\"elementor-element elementor-element-cb5053f elementor-widget elementor-widget-video\" data-id=\"cb5053f\" data-element_type=\"widget\" data-e-type=\"widget\" data-settings=\"{&quot;youtube_url&quot;:&quot;https:\\\/\\\/www.youtube.com\\\/watch?v=h8j62iqYGHw&quot;,&quot;video_type&quot;:&quot;youtube&quot;,&quot;controls&quot;:&quot;yes&quot;}\" data-widget_type=\"video.default\">\n\t\t\t\t<div class=\"elementor-widget-container\">\n\t\t\t\t\t\t\t<div class=\"elementor-wrapper elementor-open-inline\">\n\t\t\t<div class=\"elementor-video\"><\/div>\t\t<\/div>\n\t\t\t\t\t\t<\/div>\n\t\t\t\t<\/div>\n\t\t\t\t<div class=\"elementor-element elementor-element-547a19f elementor-widget elementor-widget-text-editor\" data-id=\"547a19f\" data-element_type=\"widget\" data-e-type=\"widget\" data-widget_type=\"text-editor.default\">\n\t\t\t\t<div class=\"elementor-widget-container\">\n\t\t\t\t\t\t\t\t\t<h2><span style=\"color: #800080;\">Ruega por nosotros<br \/><\/span><\/h2><p>\u00a0La idea de esta intervenci\u00f3n art\u00edstica audiovisual surge de la lectura de la <strong>Enc\u00edclica Laudatos s\u00ed del Papa Francisco<\/strong> y del pedido reiterado de la <strong>Virgen Mar\u00eda<\/strong> en sus apariciones donde pide que <strong>recemos el Rosario<\/strong>. Tambi\u00e9n del inter\u00e9s de cuidar la casa com\u00fan y reciclar y resignificar estos nuevos rosarios hilvanados en plegarias. Somos uno. Bendiciones. 2018<\/p><p>\u00a0<\/p>\t\t\t\t\t\t\t\t<\/div>\n\t\t\t\t<\/div>\n\t\t\t\t<div class=\"elementor-element elementor-element-d464fcf elementor-widget elementor-widget-video\" data-id=\"d464fcf\" data-element_type=\"widget\" data-e-type=\"widget\" data-settings=\"{&quot;youtube_url&quot;:&quot;https:\\\/\\\/www.youtube.com\\\/watch?v=hNpwEAA9Wis&quot;,&quot;video_type&quot;:&quot;youtube&quot;,&quot;controls&quot;:&quot;yes&quot;}\" data-widget_type=\"video.default\">\n\t\t\t\t<div class=\"elementor-widget-container\">\n\t\t\t\t\t\t\t<div class=\"elementor-wrapper elementor-open-inline\">\n\t\t\t<div class=\"elementor-video\"><\/div>\t\t<\/div>\n\t\t\t\t\t\t<\/div>\n\t\t\t\t<\/div>\n\t\t\t\t<div class=\"elementor-element elementor-element-da1422e elementor-widget elementor-widget-text-editor\" data-id=\"da1422e\" data-element_type=\"widget\" data-e-type=\"widget\" data-widget_type=\"text-editor.default\">\n\t\t\t\t<div class=\"elementor-widget-container\">\n\t\t\t\t\t\t\t\t\t<h2><span style=\"color: #800080;\">El tiempo circular<\/span><\/h2><p>Tiempo circular pretende reflexionar sobre los v\u00ednculos con uno mismo, con los otros y con lo trascendente. Dedicar tiempo consciente a estas relaciones y ascender a una vida m\u00e1s plena\u00a0 y natural.<\/p><p>Gallery Day, circuito Palermo, Galer\u00eda La Bladousse. 2014.<\/p>\t\t\t\t\t\t\t\t<\/div>\n\t\t\t\t<\/div>\n\t\t\t\t<div class=\"elementor-element elementor-element-e18afb3 elementor-widget elementor-widget-video\" data-id=\"e18afb3\" data-element_type=\"widget\" data-e-type=\"widget\" data-settings=\"{&quot;youtube_url&quot;:&quot;https:\\\/\\\/www.youtube.com\\\/watch?v=OVwFvvUk730&quot;,&quot;video_type&quot;:&quot;youtube&quot;,&quot;controls&quot;:&quot;yes&quot;}\" data-widget_type=\"video.default\">\n\t\t\t\t<div class=\"elementor-widget-container\">\n\t\t\t\t\t\t\t<div class=\"elementor-wrapper elementor-open-inline\">\n\t\t\t<div class=\"elementor-video\"><\/div>\t\t<\/div>\n\t\t\t\t\t\t<\/div>\n\t\t\t\t<\/div>\n\t\t\t\t<div class=\"elementor-element elementor-element-398cdc8 elementor-widget elementor-widget-text-editor\" data-id=\"398cdc8\" data-element_type=\"widget\" data-e-type=\"widget\" data-widget_type=\"text-editor.default\">\n\t\t\t\t<div class=\"elementor-widget-container\">\n\t\t\t\t\t\t\t\t\t<h2><span style=\"color: #800080;\">Tiempo detenido<br \/><\/span><\/h2><p><span lang=\"ES-TRAD\" xml:lang=\"ES-TRAD\">Obra que hace referencia a nuestras acciones diarias y pasadas. Un tiempo detenido que nos lleva a un encuentro en el hoy donde el espectador es invitado a dejar una impronta textual acompa\u00f1ando a una de las acciones de la performer.<\/span><\/p><p><span lang=\"ES-TRAD\" xml:lang=\"ES-TRAD\">Detenernos, Pensarnos. Encontrarnos. Mirarnos. So\u00f1arnos. Odiarnos. Mimarnos. Hablarnos. Identificarnos. Sabernos todos humanos en acciones compartidas o solitarias pero reiteradas a lo largo de una vida o en la de varias vidas en diferentes personas y de tiempos.<\/span><\/p><p><span lang=\"ES-TRAD\" xml:lang=\"ES-TRAD\">Obra de cruce de lenguajes: visual, corporal, sonoro y verbal.<\/span><\/p>\t\t\t\t\t\t\t\t<\/div>\n\t\t\t\t<\/div>\n\t\t\t\t<div class=\"elementor-element elementor-element-1cd4704 elementor-widget elementor-widget-video\" data-id=\"1cd4704\" data-element_type=\"widget\" data-e-type=\"widget\" data-settings=\"{&quot;youtube_url&quot;:&quot;http:\\\/\\\/www.youtube.com\\\/watch?v=RxXxjIi79ME&quot;,&quot;video_type&quot;:&quot;youtube&quot;,&quot;controls&quot;:&quot;yes&quot;}\" data-widget_type=\"video.default\">\n\t\t\t\t<div class=\"elementor-widget-container\">\n\t\t\t\t\t\t\t<div class=\"elementor-wrapper elementor-open-inline\">\n\t\t\t<div class=\"elementor-video\"><\/div>\t\t<\/div>\n\t\t\t\t\t\t<\/div>\n\t\t\t\t<\/div>\n\t\t\t\t<div class=\"elementor-element elementor-element-f98ff84 elementor-widget elementor-widget-text-editor\" data-id=\"f98ff84\" data-element_type=\"widget\" data-e-type=\"widget\" data-widget_type=\"text-editor.default\">\n\t\t\t\t<div class=\"elementor-widget-container\">\n\t\t\t\t\t\t\t\t\t<h2><span style=\"color: #800080;\">Tiempo de Adviento<\/span><\/h2><p><strong>\u00bfPor qu\u00e9 tiempo?<\/strong> Porque es en ese \u00abespacio\u00bb donde se construyen y se modifican las relaciones, <strong>\u00bfPor qu\u00e9 un tiempo de Adviento?<\/strong> Porque el tema espiritual es un tema recurrente en la realizadora y el Adviento es el momento previo a la Navidad, es un momento de preparaci\u00f3n y de revisi\u00f3n. Es un tiempo de encuentro con los dem\u00e1s, con uno mismo y un tiempo de estar atentos al Se\u00f1or que viene&#8230;<\/p><p>La c\u00e1mara en picada expresa una doble direcci\u00f3n. Por un lado, ese di\u00e1logo personal de la artista para con Dios, quien tiene su mirada puesta sobre ella y a la vez con el espectador, quien es testigo e invitado a plantearse y a encontrarse con la artista mediante un juego audiovisual.<\/p>\t\t\t\t\t\t\t\t<\/div>\n\t\t\t\t<\/div>\n\t\t\t\t<div class=\"elementor-element elementor-element-29d3b5c elementor-widget elementor-widget-video\" data-id=\"29d3b5c\" data-element_type=\"widget\" data-e-type=\"widget\" data-settings=\"{&quot;youtube_url&quot;:&quot;https:\\\/\\\/www.youtube.com\\\/watch?v=4mAC3Zq0j80&quot;,&quot;video_type&quot;:&quot;youtube&quot;,&quot;controls&quot;:&quot;yes&quot;}\" data-widget_type=\"video.default\">\n\t\t\t\t<div class=\"elementor-widget-container\">\n\t\t\t\t\t\t\t<div class=\"elementor-wrapper elementor-open-inline\">\n\t\t\t<div class=\"elementor-video\"><\/div>\t\t<\/div>\n\t\t\t\t\t\t<\/div>\n\t\t\t\t<\/div>\n\t\t\t\t\t<\/div>\n\t\t\t\t<\/div>\n\t\t\t\t\t<\/div>\n\t\t\t\t<\/div>\n\t\t\t\t<\/div>\n\t\t","protected":false},"excerpt":{"rendered":"<p>Codificaci\u00f3n Ancestral Performance en homenaje a las Lenguas Maternas. Realizada para el 1er Encuentro Internacional de Lenguas Maternas de manera virtual. 20\/02\/2021 Audios en Guaran\u00ed: [&hellip;]<\/p>\n","protected":false},"author":2,"featured_media":629,"parent":0,"menu_order":0,"comment_status":"closed","ping_status":"closed","template":"elementor_header_footer","meta":{"footnotes":""},"class_list":["post-14","page","type-page","status-publish","has-post-thumbnail","hentry"],"_links":{"self":[{"href":"http:\/\/eloisaguerrero.com.ar\/arte\/wp-json\/wp\/v2\/pages\/14","targetHints":{"allow":["GET"]}}],"collection":[{"href":"http:\/\/eloisaguerrero.com.ar\/arte\/wp-json\/wp\/v2\/pages"}],"about":[{"href":"http:\/\/eloisaguerrero.com.ar\/arte\/wp-json\/wp\/v2\/types\/page"}],"author":[{"embeddable":true,"href":"http:\/\/eloisaguerrero.com.ar\/arte\/wp-json\/wp\/v2\/users\/2"}],"replies":[{"embeddable":true,"href":"http:\/\/eloisaguerrero.com.ar\/arte\/wp-json\/wp\/v2\/comments?post=14"}],"version-history":[{"count":16,"href":"http:\/\/eloisaguerrero.com.ar\/arte\/wp-json\/wp\/v2\/pages\/14\/revisions"}],"predecessor-version":[{"id":759,"href":"http:\/\/eloisaguerrero.com.ar\/arte\/wp-json\/wp\/v2\/pages\/14\/revisions\/759"}],"wp:featuredmedia":[{"embeddable":true,"href":"http:\/\/eloisaguerrero.com.ar\/arte\/wp-json\/wp\/v2\/media\/629"}],"wp:attachment":[{"href":"http:\/\/eloisaguerrero.com.ar\/arte\/wp-json\/wp\/v2\/media?parent=14"}],"curies":[{"name":"wp","href":"https:\/\/api.w.org\/{rel}","templated":true}]}}